{"id":2259,"date":"2023-06-01T16:09:43","date_gmt":"2023-06-01T16:09:43","guid":{"rendered":"https:\/\/lezabogados.com.co\/?page_id=2259"},"modified":"2023-06-04T15:48:37","modified_gmt":"2023-06-04T15:48:37","slug":"derecho-notarial","status":"publish","type":"page","link":"https:\/\/lezabogados.com.co\/?page_id=2259","title":{"rendered":"DERECHO NOTARIAL"},"content":{"rendered":"\t\t<div data-elementor-type=\"wp-page\" data-elementor-id=\"2259\" class=\"elementor elementor-2259\">\n\t\t\t\t\t\t<section class=\"elementor-section elementor-top-section elementor-element elementor-element-9a039f1 elementor-section-boxed elementor-section-height-default elementor-section-height-default\" data-id=\"9a039f1\" data-element_type=\"section\">\n\t\t\t\t\t\t<div class=\"elementor-container elementor-column-gap-default\">\n\t\t\t\t\t<div class=\"elementor-column elementor-col-100 elementor-top-column elementor-element elementor-element-fc8caa4\" data-id=\"fc8caa4\" data-element_type=\"column\">\n\t\t\t<div class=\"elementor-widget-wrap elementor-element-populated\">\n\t\t\t\t\t\t<div class=\"elementor-element elementor-element-eb1e0f1 elementor-widget elementor-widget-heading\" data-id=\"eb1e0f1\" data-element_type=\"widget\" data-widget_type=\"heading.default\">\n\t\t\t\t<div class=\"elementor-widget-container\">\n\t\t\t<style>\/*! elementor - v3.21.0 - 08-05-2024 *\/\n.elementor-heading-title{padding:0;margin:0;line-height:1}.elementor-widget-heading .elementor-heading-title[class*=elementor-size-]>a{color:inherit;font-size:inherit;line-height:inherit}.elementor-widget-heading .elementor-heading-title.elementor-size-small{font-size:15px}.elementor-widget-heading .elementor-heading-title.elementor-size-medium{font-size:19px}.elementor-widget-heading .elementor-heading-title.elementor-size-large{font-size:29px}.elementor-widget-heading .elementor-heading-title.elementor-size-xl{font-size:39px}.elementor-widget-heading .elementor-heading-title.elementor-size-xxl{font-size:59px}<\/style><h2 class=\"elementor-heading-title elementor-size-default\">DERECHO NOTARIAL<\/h2>\t\t<\/div>\n\t\t\t\t<\/div>\n\t\t\t\t\t<\/div>\n\t\t<\/div>\n\t\t\t\t\t<\/div>\n\t\t<\/section>\n\t\t\t\t<section class=\"elementor-section elementor-top-section elementor-element elementor-element-e1d1bf8 elementor-section-boxed elementor-section-height-default elementor-section-height-default\" data-id=\"e1d1bf8\" data-element_type=\"section\">\n\t\t\t\t\t\t<div class=\"elementor-container elementor-column-gap-default\">\n\t\t\t\t\t<div class=\"elementor-column elementor-col-100 elementor-top-column elementor-element elementor-element-496569c\" data-id=\"496569c\" data-element_type=\"column\">\n\t\t\t<div class=\"elementor-widget-wrap elementor-element-populated\">\n\t\t\t\t\t\t<div class=\"elementor-element elementor-element-13b6179 elementor-widget elementor-widget-image\" data-id=\"13b6179\" data-element_type=\"widget\" data-widget_type=\"image.default\">\n\t\t\t\t<div class=\"elementor-widget-container\">\n\t\t\t<style>\/*! elementor - v3.21.0 - 08-05-2024 *\/\n.elementor-widget-image{text-align:center}.elementor-widget-image a{display:inline-block}.elementor-widget-image a img[src$=\".svg\"]{width:48px}.elementor-widget-image img{vertical-align:middle;display:inline-block}<\/style>\t\t\t\t\t\t\t\t\t\t<img fetchpriority=\"high\" decoding=\"async\" width=\"1920\" height=\"916\" src=\"https:\/\/lezabogados.com.co\/wp-content\/uploads\/2023\/06\/Imagen6-2-1920x916.png\" class=\"attachment-mesmerize-full-hd size-mesmerize-full-hd wp-image-2449\" alt=\"\" srcset=\"https:\/\/lezabogados.com.co\/wp-content\/uploads\/2023\/06\/Imagen6-2-1920x916.png 1920w, https:\/\/lezabogados.com.co\/wp-content\/uploads\/2023\/06\/Imagen6-2-300x143.png 300w, https:\/\/lezabogados.com.co\/wp-content\/uploads\/2023\/06\/Imagen6-2-1024x488.png 1024w, https:\/\/lezabogados.com.co\/wp-content\/uploads\/2023\/06\/Imagen6-2-768x366.png 768w, https:\/\/lezabogados.com.co\/wp-content\/uploads\/2023\/06\/Imagen6-2-1536x733.png 1536w, https:\/\/lezabogados.com.co\/wp-content\/uploads\/2023\/06\/Imagen6-2-2048x977.png 2048w, https:\/\/lezabogados.com.co\/wp-content\/uploads\/2023\/06\/Imagen6-2-600x286.png 600w\" sizes=\"(max-width: 1920px) 100vw, 1920px\" \/>\t\t\t\t\t\t\t\t\t\t\t\t\t<\/div>\n\t\t\t\t<\/div>\n\t\t\t\t\t<\/div>\n\t\t<\/div>\n\t\t\t\t\t<\/div>\n\t\t<\/section>\n\t\t\t\t<section class=\"elementor-section elementor-top-section elementor-element elementor-element-1ada64d elementor-section-boxed elementor-section-height-default elementor-section-height-default\" data-id=\"1ada64d\" data-element_type=\"section\">\n\t\t\t\t\t\t<div class=\"elementor-container elementor-column-gap-default\">\n\t\t\t\t\t<div class=\"elementor-column elementor-col-100 elementor-top-column elementor-element elementor-element-4b77c04\" data-id=\"4b77c04\" data-element_type=\"column\">\n\t\t\t<div class=\"elementor-widget-wrap elementor-element-populated\">\n\t\t\t\t\t\t<div class=\"elementor-element elementor-element-38ceafc elementor-widget elementor-widget-heading\" data-id=\"38ceafc\" data-element_type=\"widget\" data-widget_type=\"heading.default\">\n\t\t\t\t<div class=\"elementor-widget-container\">\n\t\t\t<h2 class=\"elementor-heading-title elementor-size-default\"><h2 data-elementor-setting-key=\"title\" data-pen-placeholder=\"Type Here...\" style=\"font-weight: var( --e-global-typography-primary-font-weight ); font-family: var( --e-global-typography-primary-font-family ), Sans-serif; color: rgb(0, 0, 0); text-align: center;\">Nuestra firma asesora a sus clientes en Derecho Notarial<\/h2><\/h2>\t\t<\/div>\n\t\t\t\t<\/div>\n\t\t\t\t\t<\/div>\n\t\t<\/div>\n\t\t\t\t\t<\/div>\n\t\t<\/section>\n\t\t\t\t<section class=\"elementor-section elementor-top-section elementor-element elementor-element-935b8d6 elementor-section-boxed elementor-section-height-default elementor-section-height-default\" data-id=\"935b8d6\" data-element_type=\"section\">\n\t\t\t\t\t\t<div class=\"elementor-container elementor-column-gap-default\">\n\t\t\t\t\t<div class=\"elementor-column elementor-col-100 elementor-top-column elementor-element elementor-element-f333109\" data-id=\"f333109\" data-element_type=\"column\">\n\t\t\t<div class=\"elementor-widget-wrap elementor-element-populated\">\n\t\t\t\t\t\t<div class=\"elementor-element elementor-element-23bf36d elementor-widget elementor-widget-text-editor\" data-id=\"23bf36d\" data-element_type=\"widget\" data-widget_type=\"text-editor.default\">\n\t\t\t\t<div class=\"elementor-widget-container\">\n\t\t\t<style>\/*! elementor - v3.21.0 - 08-05-2024 *\/\n.elementor-widget-text-editor.elementor-drop-cap-view-stacked .elementor-drop-cap{background-color:#69727d;color:#fff}.elementor-widget-text-editor.elementor-drop-cap-view-framed .elementor-drop-cap{color:#69727d;border:3px solid;background-color:transparent}.elementor-widget-text-editor:not(.elementor-drop-cap-view-default) .elementor-drop-cap{margin-top:8px}.elementor-widget-text-editor:not(.elementor-drop-cap-view-default) .elementor-drop-cap-letter{width:1em;height:1em}.elementor-widget-text-editor .elementor-drop-cap{float:left;text-align:center;line-height:1;font-size:50px}.elementor-widget-text-editor .elementor-drop-cap-letter{display:inline-block}<\/style>\t\t\t\t<p><br><\/p>\n<p>\u2022Declaraci\u00f3n de la uni\u00f3n marital de hecho<\/p>\n<p>\u2022Divorcio<\/p>\n<p>\u2022Liquidaci\u00f3n de la sociedad conyugal<\/p>\n<p>\u2022Liquidaci\u00f3n de la sociedad patrimonial<\/p>\n<p>\u2022Sucesi\u00f3n por mutuo acuerdo o ante notario<\/p>\n<p>\u2022Capitulaciones matrimoniales<\/p>\n<p>\u2022Constituci\u00f3n de empresa (Acto de creaci\u00f3n o constituci\u00f3n, Transformaci\u00f3n de sociedades, Fusi\u00f3n, escisi\u00f3n y aumentos de capital, Reforma de los estatutos, Disoluci\u00f3n y liquidaci\u00f3n de la sociedad, Cesi\u00f3n de derechos y Cambio de raz\u00f3n social)<\/p>\n<p>\u2022 Escrituraci\u00f3n p\u00fablica (Reglamentos de propiedad horizontal, Compra venta de inmuebles, Contratos de leasing, Permiso de salida del pa\u00eds de menor de edad, Testamentos abiertos y cerrados, Constituci\u00f3n de fideicomiso civil.)<\/p>\t\t\t\t\t\t<\/div>\n\t\t\t\t<\/div>\n\t\t\t\t\t<\/div>\n\t\t<\/div>\n\t\t\t\t\t<\/div>\n\t\t<\/section>\n\t\t\t\t<\/div>\n\t\t","protected":false},"excerpt":{"rendered":"<p>DERECHO NOTARIAL Nuestra firma asesora a sus clientes en Derecho Notarial \u2022Declaraci\u00f3n de la uni\u00f3n marital de hecho \u2022Divorcio \u2022Liquidaci\u00f3n de la sociedad conyugal \u2022Liquidaci\u00f3n de la sociedad patrimonial \u2022Sucesi\u00f3n por mutuo acuerdo o ante notario \u2022Capitulaciones matrimoniales \u2022Constituci\u00f3n de empresa (Acto de creaci\u00f3n o constituci\u00f3n, Transformaci\u00f3n de sociedades, Fusi\u00f3n, escisi\u00f3n y aumentos de capital,&hellip; <br \/> <a class=\"read-more\" href=\"https:\/\/lezabogados.com.co\/?page_id=2259\">Read more<\/a><\/p>\n","protected":false},"author":1,"featured_media":0,"parent":0,"menu_order":0,"comment_status":"closed","ping_status":"closed","template":"","meta":{"om_disable_all_campaigns":false,"_monsterinsights_skip_tracking":false,"_monsterinsights_sitenote_active":false,"_monsterinsights_sitenote_note":"","_monsterinsights_sitenote_category":0,"footnotes":""},"class_list":["post-2259","page","type-page","status-publish","hentry"],"aioseo_notices":[],"yoast_head":"<!-- This site is optimized with the Yoast SEO plugin v20.8 - https:\/\/yoast.com\/wordpress\/plugins\/seo\/ -->\n<title>DERECHO NOTARIAL -<\/title>\n<meta name=\"robots\" content=\"index, follow, max-snippet:-1, max-image-preview:large, max-video-preview:-1\" \/>\n<link rel=\"canonical\" href=\"https:\/\/lezabogados.com.co\/?page_id=2259\" \/>\n<meta property=\"og:locale\" content=\"en_US\" \/>\n<meta property=\"og:type\" content=\"article\" \/>\n<meta property=\"og:title\" content=\"DERECHO NOTARIAL -\" \/>\n<meta property=\"og:description\" content=\"DERECHO NOTARIAL Nuestra firma asesora a sus clientes en Derecho Notarial \u2022Declaraci\u00f3n de la uni\u00f3n marital de hecho \u2022Divorcio \u2022Liquidaci\u00f3n de la sociedad conyugal \u2022Liquidaci\u00f3n de la sociedad patrimonial \u2022Sucesi\u00f3n por mutuo acuerdo o ante notario \u2022Capitulaciones matrimoniales \u2022Constituci\u00f3n de empresa (Acto de creaci\u00f3n o constituci\u00f3n, Transformaci\u00f3n de sociedades, Fusi\u00f3n, escisi\u00f3n y aumentos de capital,&hellip; Read more\" \/>\n<meta property=\"og:url\" content=\"https:\/\/lezabogados.com.co\/?page_id=2259\" \/>\n<meta property=\"article:modified_time\" content=\"2023-06-04T15:48:37+00:00\" \/>\n<meta property=\"og:image\" content=\"http:\/\/lezabogados.com.co\/wp-content\/uploads\/2023\/06\/Imagen6-2-1920x916.png\" \/>\n<meta name=\"twitter:card\" content=\"summary_large_image\" \/>\n<meta name=\"twitter:label1\" content=\"Est. reading time\" \/>\n\t<meta name=\"twitter:data1\" content=\"1 minute\" \/>\n<script type=\"application\/ld+json\" class=\"yoast-schema-graph\">{\"@context\":\"https:\/\/schema.org\",\"@graph\":[{\"@type\":\"WebPage\",\"@id\":\"https:\/\/lezabogados.com.co\/?page_id=2259\",\"url\":\"https:\/\/lezabogados.com.co\/?page_id=2259\",\"name\":\"DERECHO NOTARIAL -\",\"isPartOf\":{\"@id\":\"https:\/\/lezabogados.com.co\/#website\"},\"datePublished\":\"2023-06-01T16:09:43+00:00\",\"dateModified\":\"2023-06-04T15:48:37+00:00\",\"inLanguage\":\"en-US\",\"potentialAction\":[{\"@type\":\"ReadAction\",\"target\":[\"https:\/\/lezabogados.com.co\/?page_id=2259\"]}]},{\"@type\":\"WebSite\",\"@id\":\"https:\/\/lezabogados.com.co\/#website\",\"url\":\"https:\/\/lezabogados.com.co\/\",\"name\":\"\",\"description\":\"\",\"potentialAction\":[{\"@type\":\"SearchAction\",\"target\":{\"@type\":\"EntryPoint\",\"urlTemplate\":\"https:\/\/lezabogados.com.co\/?s={search_term_string}\"},\"query-input\":\"required name=search_term_string\"}],\"inLanguage\":\"en-US\"}]}<\/script>\n<!-- \/ Yoast SEO plugin. -->","yoast_head_json":{"title":"DERECHO NOTARIAL -","robots":{"index":"index","follow":"follow","max-snippet":"max-snippet:-1","max-image-preview":"max-image-preview:large","max-video-preview":"max-video-preview:-1"},"canonical":"https:\/\/lezabogados.com.co\/?page_id=2259","og_locale":"en_US","og_type":"article","og_title":"DERECHO NOTARIAL -","og_description":"DERECHO NOTARIAL Nuestra firma asesora a sus clientes en Derecho Notarial \u2022Declaraci\u00f3n de la uni\u00f3n marital de hecho \u2022Divorcio \u2022Liquidaci\u00f3n de la sociedad conyugal \u2022Liquidaci\u00f3n de la sociedad patrimonial \u2022Sucesi\u00f3n por mutuo acuerdo o ante notario \u2022Capitulaciones matrimoniales \u2022Constituci\u00f3n de empresa (Acto de creaci\u00f3n o constituci\u00f3n, Transformaci\u00f3n de sociedades, Fusi\u00f3n, escisi\u00f3n y aumentos de capital,&hellip; Read more","og_url":"https:\/\/lezabogados.com.co\/?page_id=2259","article_modified_time":"2023-06-04T15:48:37+00:00","og_image":[{"url":"http:\/\/lezabogados.com.co\/wp-content\/uploads\/2023\/06\/Imagen6-2-1920x916.png"}],"twitter_card":"summary_large_image","twitter_misc":{"Est. reading time":"1 minute"},"schema":{"@context":"https:\/\/schema.org","@graph":[{"@type":"WebPage","@id":"https:\/\/lezabogados.com.co\/?page_id=2259","url":"https:\/\/lezabogados.com.co\/?page_id=2259","name":"DERECHO NOTARIAL -","isPartOf":{"@id":"https:\/\/lezabogados.com.co\/#website"},"datePublished":"2023-06-01T16:09:43+00:00","dateModified":"2023-06-04T15:48:37+00:00","inLanguage":"en-US","potentialAction":[{"@type":"ReadAction","target":["https:\/\/lezabogados.com.co\/?page_id=2259"]}]},{"@type":"WebSite","@id":"https:\/\/lezabogados.com.co\/#website","url":"https:\/\/lezabogados.com.co\/","name":"","description":"","potentialAction":[{"@type":"SearchAction","target":{"@type":"EntryPoint","urlTemplate":"https:\/\/lezabogados.com.co\/?s={search_term_string}"},"query-input":"required name=search_term_string"}],"inLanguage":"en-US"}]}},"_hostinger_reach_plugin_has_subscription_block":false,"_hostinger_reach_plugin_is_elementor":false,"_links":{"self":[{"href":"https:\/\/lezabogados.com.co\/index.php?rest_route=\/wp\/v2\/pages\/2259","targetHints":{"allow":["GET"]}}],"collection":[{"href":"https:\/\/lezabogados.com.co\/index.php?rest_route=\/wp\/v2\/pages"}],"about":[{"href":"https:\/\/lezabogados.com.co\/index.php?rest_route=\/wp\/v2\/types\/page"}],"author":[{"embeddable":true,"href":"https:\/\/lezabogados.com.co\/index.php?rest_route=\/wp\/v2\/users\/1"}],"replies":[{"embeddable":true,"href":"https:\/\/lezabogados.com.co\/index.php?rest_route=%2Fwp%2Fv2%2Fcomments&post=2259"}],"version-history":[{"count":28,"href":"https:\/\/lezabogados.com.co\/index.php?rest_route=\/wp\/v2\/pages\/2259\/revisions"}],"predecessor-version":[{"id":2452,"href":"https:\/\/lezabogados.com.co\/index.php?rest_route=\/wp\/v2\/pages\/2259\/revisions\/2452"}],"wp:attachment":[{"href":"https:\/\/lezabogados.com.co\/index.php?rest_route=%2Fwp%2Fv2%2Fmedia&parent=2259"}],"curies":[{"name":"wp","href":"https:\/\/api.w.org\/{rel}","templated":true}]}}